+ 1, 2*w = 4*d - 48. Let f(j) = -j**2 - 20*j - 21. Let y be f(w). What is the greatest common divisor of y and 9?
9
Suppose 0 = -4*w + w - 66. Let p be (-612)/(-22) - 4/w. What is the greatest common factor of 14 and p?
14
Let f = 422 + -143. Let h = f - 144. What is the greatest common factor of h and 15?
15
Let j(f) = -2*f**2 + 7*f - 4. Let n be j(5). Let i = 38 + n. What is the greatest common factor of 38 and i?
19
Let v = -2262 - -2267. Let n = -27 + 47. What is the highest common divisor of n and v?
5
Let r = -67 + 121. Suppose -2*j - 3*t + 4*t - 6 = 0, 0 = 5*t - 20. Let c be j/3 + 38/6. What is the greatest common divisor of c and r?
6
Suppose 2*y - 4*p = 0, -3*p = -2*p - 3. Suppose -5*r - 31 = -4*z, 3*r + 37 - 40 = 0. Calculate the highest common factor of y and z.
3
Suppose 0 = 3*o - 4*t - 191, 4*t + 142 = 2*o + 8. What is the highest common divisor of 38 and o?
19
Let c be (2 - 77) + -1 + 1. Let w = c - -119. Suppose -y - 12 = -4*y. What is the greatest common factor of y and w?
4
Let x = -2 + -3. Let v = x + 13. Suppose -2*u - d = -123, -4*u - 2*d + 251 = -d. Calculate the highest common divisor of u and v.
8
Let q(z) = -2*z**3 + 15*z**2 - 14*z + 7. Let o be q(6). Calculate the highest common divisor of 372 and o.
31
Let y(s) = -2*s**2 + 17*s - 16. Suppose 4*i - 3*j - j - 20 = 0, i = -2*j + 11. Let x be y(i). Calculate the greatest common factor of x and 5.
5
Let s = -4 + 6. Suppose 0 = k - s*k. Suppose k = -2*d + 31 + 109. Calculate the highest common factor of d and 10.
10
Let a be -3*(-52)/(-24)*(3 - 5). Calculate the highest common factor of 13 and a.
13
Let z(a) = a**3 + 8*a**2 - 23*a - 9. Let w be z(-10). What is the greatest common divisor of 2877 and w?
21
Suppose -3*d = -18 + 6. Let q be (19 - 8)/((-1)/(-5)). Let z = q - 39. Calculate the highest common divisor of z and d.
4
Let n = -624 - -633. What is the greatest common factor of n and 132?
3
Let v(l) = -l**3 - 7*l**2 + 5*l - 9. Let r be v(-8). Let u be (-1248)/33 + (-2)/11. Let x = u + 68. Calculate the highest common factor of x and r.
15
Suppose -2*y + 2*c + 7 = -13, 4*c = -2*y + 2. What is the greatest common divisor of y and 224?
7
Let g = -1646 - -1653. Calculate the highest common divisor of 735 and g.
7
Let h(c) = 7*c**2 - 16*c - 7. Let b(s) = -s**3 - 4*s**2 + 12*s + 5. Let x be b(-6). Let z be h(x). Calculate the highest common factor of 22 and z.
22
Suppose -4*p + 5 = -r, 0 = -3*r + 3*p + 38 - 8. Let a = 613 - 603. What is the highest common divisor of a and r?
5
Let c be -12*(-12)/32*-2. Let h be (12/5)/(c/(-660)). Let v(i) = -2*i + 2. Let t be v(-7). Calculate the greatest common divisor of t and h.
16
Let f = 93 + -42. What is the highest common divisor of f and 272?
17
Suppose -7*s - 4416 = -3*s. Let x be s/(-18) + 16/(-12). Let f(g) = g**2 - g + 12. Let b be f(0). Calculate the highest common factor of x and b.
12
Suppose 0 = -5*x - 5*o + 680, 2*o - 552 = -5*x + x. Suppose -4*j = -5*b + 53 - 185, -5*b = -j + 48. Calculate the highest common factor of x and j.
28
Let t = 45 - -180. Calculate the highest common factor of 15 and t.
15
Let r = 182 + -158. Let y be -2 - (-63 + 1 + 0). Calculate the highest common divisor of y and r.
12
Let l = 258 - 1662. Let t be (-2)/(-8) + l/(-16). What is the highest common divisor of t and 11?
11
Let i(s) = -2*s + 24. Let l be i(-26). Calculate the greatest common divisor of 19 and l.
19
Let a = 288 - 189. Suppose 158*m - 153 = 141*m. Calculate the highest common factor of a and m.
9
Suppose 10 = -5*g, 2*g = -0*j + j - 121. Let y = 10 - 5. Suppose y*n - 77 = 4*p, n + 0*p = -2*p + 7. Calculate the greatest common divisor of n and j.
13
Let j be 30 - 6*(39/9 - 5). Calculate the highest common divisor of j and 17.
17
Let t(n) = -n + 5. Let l be t(3). Suppose 171 = 3*v + 2*i, -l*v + 7*v - 4*i - 307 = 0. Let k = v + -31. Calculate the greatest common divisor of k and 14.
14
Let d(y) = y**3 + 9*y**2 + y + 49. Let f be d(-9). Calculate the greatest common factor of f and 1460.
20
Suppose -85 = -3*b + i, 3*b = -4*i + i + 69. Let a = b - -8. Calculate the greatest common divisor of a and 5.
5
Let h = -11 - 9. Let n = -20 - h. Suppose n = -5*f + 2*f + 63. What is the highest common factor of f and 7?
7
Suppose -243*w = -249*w + 162. What is the highest common factor of 189 and w?
27
Suppose 3*t - 4*t - 14 = -5*n, -3*n - 2*t = -11. Suppose 46 = 2*f + n*a, 2*a = -0*f + f - 30. Calculate the greatest common divisor of 65 and f.
13
Suppose 55*x = 52*x + 84. Let m(q) = 54*q - 12. Let w be m(8). Let g be (w/(-18))/(2/(-6)). Calculate the highest common divisor of x and g.
14
Let b = 17 - 33. Let g be b/28 + 1957/7. What is the highest common factor of 31 and g?
31
Suppose 13*w = 23*w - 2520. Calculate the highest common factor of 36 and w.
36
Suppose 28 = -4*q - z + 173, 0 = -3*q + 4*z + 85. Suppose q*g + 42 = 38*g. What is the highest common factor of 98 and g?
14
Let s be (-12)/2 - -72 - 1. What is the greatest common divisor of s and 3770?
65
Suppose -4*g = -3*w + 6*w - 91, 3*g = -w + 42. Suppose 3*f + 0*f - 567 = 0. What is the greatest common divisor of w and f?
21
Suppose 1 = 3*b + 4. Let a be 355/25 + b/5. Suppose -4*w - 2*c + 18 = 0, -a = 3*w - 2*c - 38. Calculate the greatest common divisor of w and 24.
6
Suppose -9*d = -6*d. Suppose d = -2*z + 4*z - 196. Let i be (-3)/6*4*-7. What is the greatest common factor of i and z?
14
Let p(s) be the second derivative of 5/2*s**3 + 0 + 0*s**2 - 3*s. Let k be p(2). What is the highest common divisor of k and 6?
6
Suppose 9 = 3*x - 0*x, -4*u - 5*x = -171. Let j be (-12 - -19 - 9) + (277 - 2). Calculate the greatest common factor of j and u.
39
Let m = 170 + -80. Calculate the highest common factor of m and 75.
15
Suppose -5*p + 666 + 984 = 0. Let f = -3564 - -3594. Calculate the highest common factor of f and p.
30
Suppose -3*r - 1162 = -4*j, 4*r = -5 - 3. What is the greatest common divisor of 34 and j?
17
Suppose 2*b = -2*w + 16, 9*b + 10 = 5*w + 4*b. Suppose -q + 5 = -w. What is the greatest common factor of q and 110?
10
Let b(w) = -3*w**3 - 3*w**2 - 2*w - 13. Let o be b(-3). Suppose 0 = -3*z + 3*p + 22 + 5, 0 = 5*z - 4*p - o. Calculate the highest common divisor of z and 99.
11
Let o be -12*((-14)/3 + 5) + 5. Let s = 1 - -2. What is the greatest common divisor of s and o?
1
Let g = -134 + -624. Let h = -362 - g. Suppose 0 = -k + 5*k - h. Calculate the highest common divisor of 9 and k.
9
Let i be ((-185)/(-111))/(4/2220). Calculate the greatest common factor of i and 74.
37
Let q = -1000 - -1053. Calculate the greatest common factor of q and 1.
1
Suppose -52*v = -53*v + 85. Let s be 325/3 + 2/3. Suppose 0 = 3*r + 7 - s. What is the highest common factor of r and v?
17
Let h(j) = j**3 + 5*j**2 + 3*j + 6. Let c be h(-5). Let f be (-219)/(-9) - 6/c. Calculate the highest common divisor of f and 100.
25
Let v be (1/(-2))/((-6)/36) - 5. Let i be (-9 + -1)*(v/4)/1. What is the greatest common divisor of i and 15?
5
Let h be 832/(-12)*9/(-2). Let m = h + -220. Calculate the greatest common divisor of m and 23.
23
Suppose 31*s - 3952 = -7*s. Calculate the greatest common factor of s and 8.
8
Suppose 3*o = 4 + 2. Let i(w) = 32*w**2 + 2*w + 1. Let l be i(o). Suppose 4*z - l = 83. Calculate the highest common factor of 6 and z.
6
Let y = -117 + 123. Suppose 5*q - 2*q - y = 4*o, 3*o + 6 = 3*q. Calculate the greatest common divisor of q and 18.
2
Let g(i) = -7*i - 2. Let h be g(-1). Suppose -3*l = -h*z - 76, 4*l = l - z + 82. What is the highest common factor of 81 and l?
27
Let u = -42 - -17. Let y = u + 44. Let x(w) = w**2 + 19*w - 25. Let s be x(-24). Calculate the greatest common factor of s and y.
19
Let y = -12 + 20. Let f be 3/6*(70 + 0). Let i be 1182/21 - 10/f. What is the highest common divisor of y and i?
8
Suppose 5*r - 65 = 15. Calculate the highest common factor of 272 and r.
16
Suppose 4*z = -20, -4*z + 157 = 3*k - 3*z. Let o = -35 + k. Let j be ((-38)/6)/((-1)/27). Calculate the greatest common factor of j and o.
19
Let m = -4 - -27. Let i = -23 - -24. Let q be 2/i*322/4. Calculate the greatest common divisor of m and q.
23
Let x = -307 - -347. Let w(c) = -c**3 + 14*c**2 - 13*c + 16. Let i be w(13). Calculate the greatest common divisor of i and x.
8
Suppose -3*b = 2*c - 809, 3